{"id":36,"date":"2014-08-17T01:58:53","date_gmt":"2014-08-16T23:58:53","guid":{"rendered":"http:\/\/goteborglacrosse.wordpress.com\/?page_id=36"},"modified":"2020-10-26T20:17:46","modified_gmt":"2020-10-26T19:17:46","slug":"damlag","status":"publish","type":"page","link":"https:\/\/goteborglacrosse.se\/index.php\/vara-lag\/damlag\/","title":{"rendered":"Damlag"},"content":{"rendered":"<h5>\u00c5r 2014 startades damlaget igen efter ett par \u00e5rs paus!<\/h5>\n<p>Vi \u00e4r ett glatt g\u00e4ng tjejer som \u00e4r en kombination av nya och erfarna spelare. Alla kan vara med p\u00e5 sin niv\u00e5 och tillsammans k\u00e4mpar vi f\u00f6r att utvecklas och ha kul!<\/p>\n<h5><strong>Vad \u00e4r damlacrosse?<\/strong><\/h5>\n<p>Lacrosse g\u00e5r ut p\u00e5 att med den karakt\u00e4ristiska klubban skjuta en gummiboll f\u00f6rbi motst\u00e5ndarnas m\u00e5lvakt och in i m\u00e5let som \u00e4r 180 x 180cm stort. Det lag som gjort flest m\u00e5l innan matchtiden l\u00f6pt ut vinner matchen.<\/p>\n<p>Varje lag best\u00e5r av 12 spelare varav en m\u00e5lvakt och elva utespelare som \u00e4r uppdelade i f\u00f6rsvarare och anfallare.<br \/>Anfallarnas uppgift \u00e4r att ta sig f\u00f6rbi f\u00f6rsvarsspelarna genom att passa sig f\u00f6rbi dem eller springa och finta f\u00f6r att sedan skjuta m\u00e5l. F\u00f6rsvararna ska \u00e5 sin sida f\u00f6rhindra anfallarna att komma till avslut genom att positionera sig r\u00e4tt med snabbt fotarbete och aktivt arbeta med sin klubba f\u00f6r att stj\u00e4la bollen av motst\u00e5ndarna.<\/p>\n<p><a href=\"http:\/\/goteborglacrosse.se\/wp-content\/uploads\/2015\/02\/gwall-279071.jpg\"><img decoding=\"async\" loading=\"lazy\" class=\"alignnone size-large wp-image-137\" src=\"http:\/\/goteborglacrosse.se\/wp\/wp-content\/uploads\/2015\/02\/gwall-279071.jpg?w=480\" alt=\"GWall-279071\" width=\"480\" height=\"634\" srcset=\"https:\/\/goteborglacrosse.se\/wp-content\/uploads\/2015\/02\/gwall-279071.jpg 904w, https:\/\/goteborglacrosse.se\/wp-content\/uploads\/2015\/02\/gwall-279071-227x300.jpg 227w, https:\/\/goteborglacrosse.se\/wp-content\/uploads\/2015\/02\/gwall-279071-775x1024.jpg 775w\" sizes=\"(max-width: 480px) 100vw, 480px\" \/><\/a><\/p>\n<p>Matchen spelas p\u00e5 en fotbollsplan och spelarna har f\u00f6rutom klubban som best\u00e5r av ett skaft och en &#8221;h\u00e5v&#8221;, \u00e4ven tandskydd. En del spelare har ocks\u00e5 \u00f6gonskydd och handskar, men detta \u00e4r inte obligatorisk i dagsl\u00e4get. M\u00e5lvakten har fler skydd s\u00e5som hj\u00e4lm och magskydd f\u00f6r att skydda henne mot h\u00e5rda skott. Med klubban som redskap passar och skjuter man bollen. Klubban anv\u00e4nds \u00e4ven f\u00f6r att plocka upp bollen fr\u00e5n marken. Till en b\u00f6rjan kan det vara sv\u00e5rt att hantera klubban, men med lite \u00f6vning och t\u00e5lamod l\u00e4r man sig snart.<\/p>\n<p style=\"text-align: center;\">\u00a0<\/p>\n<h5><strong>Oavsett \u00e5lder, kroppsbyggnad och tidigare erfarenheter kan du vara med och bidra i v\u00e5rt lacrosselag s\u00e5 l\u00e4nge man har r\u00e4tt inst\u00e4llning!<\/strong><\/h5>\n<p>\u00a0<\/p>\n\n\n<p><\/p>\n","protected":false},"excerpt":{"rendered":"<p>\u00c5r 2014 startades damlaget igen efter ett par \u00e5rs paus! Vi \u00e4r ett glatt g\u00e4ng tjejer som \u00e4r en kombination av nya och erfarna spelare. Alla kan vara med p\u00e5 sin niv\u00e5 och tillsammans k\u00e4mpar vi f\u00f6r att utvecklas och ha kul! Vad \u00e4r damlacrosse? Lacrosse g\u00e5r ut p\u00e5 att med den karakt\u00e4ristiska klubban skjuta [&hellip;]<\/p>\n","protected":false},"author":1,"featured_media":0,"parent":33,"menu_order":0,"comment_status":"closed","ping_status":"closed","template":"","meta":[],"_links":{"self":[{"href":"https:\/\/goteborglacrosse.se\/index.php\/wp-json\/wp\/v2\/pages\/36"}],"collection":[{"href":"https:\/\/goteborglacrosse.se\/index.php\/wp-json\/wp\/v2\/pages"}],"about":[{"href":"https:\/\/goteborglacrosse.se\/index.php\/wp-json\/wp\/v2\/types\/page"}],"author":[{"embeddable":true,"href":"https:\/\/goteborglacrosse.se\/index.php\/wp-json\/wp\/v2\/users\/1"}],"replies":[{"embeddable":true,"href":"https:\/\/goteborglacrosse.se\/index.php\/wp-json\/wp\/v2\/comments?post=36"}],"version-history":[{"count":6,"href":"https:\/\/goteborglacrosse.se\/index.php\/wp-json\/wp\/v2\/pages\/36\/revisions"}],"predecessor-version":[{"id":555,"href":"https:\/\/goteborglacrosse.se\/index.php\/wp-json\/wp\/v2\/pages\/36\/revisions\/555"}],"up":[{"embeddable":true,"href":"https:\/\/goteborglacrosse.se\/index.php\/wp-json\/wp\/v2\/pages\/33"}],"wp:attachment":[{"href":"https:\/\/goteborglacrosse.se\/index.php\/wp-json\/wp\/v2\/media?parent=36"}],"curies":[{"name":"wp","href":"https:\/\/api.w.org\/{rel}","templated":true}]}}